vide 527826469?
False
Is 28 a factor of 1311988?
False
Is 13 a factor of 262325921?
True
Is 1620 a factor of 3496306183?
False
Is 54972084 a multiple of 1258?
True
Is 854616049 a multiple of 297?
False
Does 73 divide 24030578?
True
Is 213542420 a multiple of 140?
True
Is 1240 a factor of 30478974?
False
Is 944 a factor of 498836032?
True
Does 344 divide 9100107?
False
Does 308 divide 35051324?
True
Does 17 divide 45745420?
False
Is 2 a factor of 2893740?
True
Is 640094664 a multiple of 2718?
False
Does 25 divide 466179125?
True
Does 10 divide 24027010?
True
Is 517040054 a multiple of 617?
False
Is 10451 a factor of 2607775324?
True
Is 407 a factor of 10165419?
False
Is 2168428288 a multiple of 5672?
True
Is 33952945 a multiple of 776?
False
Does 3 divide 5362551?
True
Does 17 divide 12910429?
True
Is 127777832 a multiple of 13?
True
Is 43371078 a multiple of 1879?
True
Is 717790 a multiple of 114?
False
Is 20 a factor of 19776016?
False
Is 1200 a factor of 553849200?
True
Is 13167150 a multiple of 8?
False
Is 2571 a factor of 161130333?
False
Is 83 a factor of 46691567?
True
Is 6 a factor of 1013435?
False
Is 4877 a factor of 142583972?
True
Is 69378496 a multiple of 928?
False
Does 28 divide 31786692?
True
Is 101 a factor of 16217974?
True
Does 3142 divide 1032071592?
True
Is 201 a factor of 3601253365?
False
Is 9674908 a multiple of 506?
False
Does 12 divide 27564744?
True
Is 989 a factor of 64373021?
True
Does 614 divide 59660538?
True
Does 190 divide 26566227?
False
Is 127384862 a multiple of 194?
True
Does 3721 divide 24711161?
True
Is 850590868 a multiple of 825?
False
Is 8202815 a multiple of 34?
False
Does 6987 divide 556905822?
True
Does 3 divide 51504265?
False
Is 13378722 a multiple of 826?
True
Does 1822 divide 149345981?
False
Does 55 divide 353300255?
True
Is 1239 a factor of 430756584?
False
Is 151272743 a multiple of 55?
False
Is 129 a factor of 75802590?
False
Is 61 a factor of 7526058?
True
Is 3598179 a multiple of 151?
True
Does 322 divide 216185214?
False
Is 4 a factor of 16667360?
True
Is 724 a factor of 430138536?
True
Does 290 divide 446791332?
False
Is 4719414982 a multiple of 2104?
False
Is 277985036 a multiple of 115?
False
Does 3 divide 184525338?
True
Does 6 divide 3481211?
False
Is 33891257 a multiple of 61?
False
Is 52 a factor of 38902427?
False
Does 661 divide 306316204?
False
Is 56086849 a multiple of 69?
False
Does 22 divide 1642482?
False
Does 6 divide 6245868?
True
Is 1668338077 a multiple of 14777?
True
Is 32960557 a multiple of 1528?
False
Is 77878572 a multiple of 348?
True
Is 5 a factor of 1429226075?
True
Is 75 a factor of 2035739176?
False
Does 72 divide 18597168?
True
Is 10 a factor of 2279854950?
True
Is 11008860 a multiple of 23?
False
Does 477 divide 3231080658?
True
Is 108 a factor of 50659776?
True
Does 218 divide 3280370478?
True
Is 2436001 a multiple of 149?
True
Does 158 divide 6203799216?
True
Is 45 a factor of 228773836?
False
Is 350986976 a multiple of 109?
True
Is 1376209480 a multiple of 21?
False
Does 90 divide 19849500?
True
Does 420 divide 296974860?
True
Is 14059240 a multiple of 20?
True
Is 426247224 a multiple of 464?
False
Does 37 divide 33862939?
False
Does 14 divide 25440386?
False
Is 81241076 a multiple of 48?
False
Is 242836404 a multiple of 4638?
True
Is 1672793460 a multiple of 45?
True
Is 418051692 a multiple of 17?
True
Is 152225980 a multiple of 26?
False
Is 1717716770 a multiple of 110?
True
Is 172907482 a multiple of 2?
True
Is 186887280 a multiple of 6066?
False
Does 11 divide 161067311?
False
Is 19 a factor of 253128621?
True
Is 2 a factor of 4978898?
True
Is 7 a factor of 67661676?
False
Does 10389 divide 2219097148?
False
Is 20166693 a multiple of 197?
True
Is 477715708 a multiple of 16?
False
Is 8162096 a multiple of 46?
False
Is 429425587 a multiple of 47?
False
Does 3806 divide 8383427?
False
Is 100871041 a multiple of 566?
False
Is 815613496 a multiple of 8?
True
Is 2260 a factor of 69971860?
True
Is 509 a factor of 11848002?
False
Does 66 divide 149200590?
True
Does 8 divide 7471160?
True
Is 14 a factor of 11523265?
False
Is 22426205 a multiple of 5?
True
Does 24 divide 24646852?
False
Is 64 a factor of 545960150?
False
Is 62 a factor of 431811133?
False
Is 74 a factor of 393445050?
True
Is 70 a factor of 2944896150?
True
Is 9018984 a multiple of 137?
True
Is 523902970 a multiple of 430?
True
Does 113 divide 61504205?
True
Is 183 a factor of 1899918?
False
Is 3 a factor of 43688784?
True
Is 1203618106 a multiple of 4331?
False
Is 73870202 a multiple of 238?
True
Does 19 divide 9618902?
True
Does 42 divide 790395409?
False
Is 2980246 a multiple of 5?
False
Does 2816 divide 196289280?
True
Does 342 divide 3135283974?
True
Does 305 divide 604910066?
False
Does 115 divide 342725987?
False
Is 2 a factor of 40374922?
True
Does 283 divide 713527974?
False
Is 1486545435 a multiple of 3222?
False
Is 50 a factor of 27034300?
True
Does 130 divide 1369632420?
True
Is 681 a factor of 15762445?
False
Is 21 a factor of 36559110?
True
Is 11 a factor of 40918213?
False
Is 1235554865 a multiple of 27?
False
Is 1017894176 a multiple of 1984?
False
Does 318 divide 384106229?
False
Does 19 divide 36738096?
True
Is 4829410 a multiple of 16?
False
Does 898 divide 33096688?
True
Does 7 divide 2393400793?
True
Does 357 divide 64103634?
True
Is 36107056 a multiple of 118?
True
Does 104 divide 39093933?
False
Does 46 divide 2352108?
False
Is 364954704 a multiple of 5?
False
Is 7 a factor of 48002444?
True
Is 68885584 a multiple of 2?
True
Is 18801008 a multiple of 424?
True
Does 2870 divide 940565010?
True
Is 181 a factor of 380508213?
False
Does 97 divide 110941547?
False
Is 8 a factor of 54642720?
True
Does 2 divide 20469739?
False
Is 247 a factor of 3108111162?
True
Is 9998 a factor of 1883364066?
False
Is 59367045 a multiple of 2445?
True
Is 77 a factor of 48234571?
True
Is 563 a factor of 16601647?
False
Does 158 divide 290853273?
False
Does 39 divide 863538?
True
Is 25 a factor of 7237077?
False
Is 197408794 a multiple of 1177?
True
Is 8824008 a multiple of 680?
False
Is 251 a factor of 56851249?
True
Does 118 divide 659095136?
True
Is 17230158 a multiple of 121?
True
Does 670 divide 2561562022?
False
Does 154 divide 170817416?
True
Is 1002376980 a multiple of 1357?
False
Is 20 a factor of 2409453140?
True
Is 72 a factor of 36168048?
True
Is 28915482 a multiple of 145?
False
Is 33418138 a multiple of 10?
False
Is 10262452 a multiple of 166?
True
Is 213205192 a multiple of 4?
True
Is 367984617 a multiple of 91?
True
Does 840 divide 378519897?
False
Is 220 a factor of 2151345900?
True
Is 118 a factor of 4467449?
False
Does 47 divide 12491869?
False
Is 228 a factor of 118616772?
True
Is 55 a factor of 331204552?
False
Is 526 a factor of 354258192?
False
Is 105369818 a multiple of 58?
True
Is 48 a factor of 2205201185?
False
Is 31 a factor of 948209152?
True
Does 24 divide 138889848?
True
Is 80669721 a multiple of 81?
False
Does 49 divide 9135903?
True
Is 10633135 a multiple of 270?
False
Is 123 a factor of 84440926?
False
Is 19 a factor of 906353156?
False
Does 119 divide 868802?
False
Is 11 a factor of 5622274466?
False
Is 566995703 a multiple of 228?
False
Is 180 a factor of 83541420?
True
Is 953 a factor of 74003777?
False
Is 75 a factor of 580829225?
False
Is 8 a factor of 19720086?
False
Is 18 a factor of 21363180?
False
Is 264933701 a multiple of 5?
False
Is 12246576 a multiple of 1680?
False
Is 121559625 a multiple of 9?
True
Is 6 a factor of 982965600?
True
Is 1162 a factor of 3612599900?
True
Does 179 divide 19903830?
False
Is 152 a factor of 1030772952?
True
Is 105 a factor of 1488259355?
False
Is 25462973 a multiple of 382?
False
Is 105330769 a multiple of 22?
False
Is 101290953 even?
False
Does 14 divide 36231052?
False
Is 14064349 a multiple of 3?
False
Does 654 divide 1144500?
True
Is 1752 a factor of 27900133?
False
Is 31 a factor of 8385305?
False
Is 728 a factor of 2471516320?
True
Is 16334285 a multiple of 11?
True
Does 14 divide 603749000?
False
Is 335 a factor of 1740956475?
True
Is 102913104 a multiple of 12?
True
Is 19064373 a multiple of 2?
False
Is 85508080 a multiple of 1720?
True
Does 2955 divide 763649040?
False
Is 614778655 a multiple of 5?
True
Is 11 a